{"id":136,"date":"2016-10-12T18:03:54","date_gmt":"2016-10-12T16:03:54","guid":{"rendered":"http:\/\/ambestensehen.de\/misha-mandala\/?page_id=136"},"modified":"2016-11-21T18:53:43","modified_gmt":"2016-11-21T17:53:43","slug":"seite-4a","status":"publish","type":"page","link":"https:\/\/ambestensehen.de\/misha-mandala\/?page_id=136","title":{"rendered":"Angefangen zum Weiterdenken"},"content":{"rendered":"<div class=\"col-md-7 col-md-pull-0\" id=\"left_col\">\n<div class=\"panel-default\">\n<h3>Einzelst\u00fccke<\/h3>\n<p>\t\t\tAngefangene St\u00fccke, die man weiterdenken oder weitermalen kann.\n\t\t\t<\/p><\/div>\n<p><!-- \/.panel-default -->\n\t<\/div>\n<p><!-- \/.col-md-7 --><\/p>\n<div class=\"col-md-12 col-md-pull-0 multiple-borders\">\n<img decoding=\"async\" src=\"https:\/\/ambestensehen.de\/misha-mandala\/wp-content\/uploads\/DSCN2586.jpg\" alt=\"mandala 2\" \/>\n<\/div>\n<p><!-- \/.multiple-borders --><\/p>\n<div class=\"col-md-7 col-md-pull-0\" id=\"left_col\">\n<div class=\"panel-default\">\n<h4>Korn und Kern<\/h4>\n<p>\t\t\tMan k\u00f6nnte doch assoziieren, dass dort das Mandala als ein Bezug zum  Atomkern-Modell gesehen wird.\n\t\t\t<\/p><\/div>\n<p><!-- \/.panel-default -->\n\t<\/div>\n<p><!-- \/.col-md-7 --><\/p>\n<div class=\"col-md-10 col-md-push-1 multiple-borders\">\n<img decoding=\"async\" src=\"https:\/\/ambestensehen.de\/misha-mandala\/wp-content\/uploads\/DSCN2587.jpg\" alt=\"mandala 2\" \/>\n<\/div>\n<p><!-- \/.multiple-borders --><\/p>\n<div class=\"col-md-7 col-md-pull-0\" id=\"left_col\">\n<div class=\"panel-default\">\n<h4>Der Name ist das Ziel<\/h4>\n<p>\t\t\tDieses ist haupts\u00e4chlich inspiriert durch den Namen Krishna und der pers\u00f6nlichen Vaishnava (Vishnu) Philosophie Indiens, entsprechend einer pers\u00f6nlichen Ein-Gott-Verehrung.\n\t\t\t<\/p><\/div>\n<p><!-- \/.panel-default -->\n\t<\/div>\n<p><!-- \/.col-md-7 --><\/p>\n<div class=\"col-md-6 col-md-push-3 multiple-borders\">\n<img decoding=\"async\" src=\"https:\/\/ambestensehen.de\/misha-mandala\/wp-content\/uploads\/DSCN2585.jpg\" alt=\"mandala 2\" \/>\n<\/div>\n<p><!-- \/.multiple-borders --><\/p>\n<div class=\"col-md-7 col-md-pull-0\" id=\"left_col\">\n<div class=\"panel-default\">\n<h4>Hier presst die Sonne<\/h4>\n<p>\t\t\tHier ist die Atomdichte dargestellt. Eine Dichte von Energie im gelben und orangenem Bereich, am meisten inspiriert durch die Sonne.\n\t\t\t<\/p><\/div>\n<p><!-- \/.panel-default -->\n\t<\/div>\n<p><!-- \/.col-md-7 --><\/p>\n<div class=\"col-md-12 col-md-pull-0 multiple-borders\">\n<img decoding=\"async\" src=\"https:\/\/ambestensehen.de\/misha-mandala\/wp-content\/uploads\/DSCN2492.jpg\" alt=\"mandala 2\" \/>\n<\/div>\n<p><!-- \/.multiple-borders --><\/p>\n<div class=\"col-md-7 col-md-pull-0\" id=\"left_col\">\n<div class=\"panel-default\">\n<h4>Perlen-Vision<\/h4>\n<p>\t\t\tDieses ist wieder eher ein rein illustratives Mandala, am reizvollsten die angedeuteten Lotusbl\u00e4tter und ihr Verlauf von den gr\u00fcnen Bl\u00e4ttern zu den r\u00f6tlich gef\u00e4rbten Bl\u00fctenbl\u00e4ttern.\n\t\t\t<\/p><\/div>\n<p><!-- \/.panel-default -->\n\t<\/div>\n<p><!-- \/.col-md-7 --><\/p>\n<div class=\"col-md-12 col-md-pull-0 multiple-borders\">\n<img decoding=\"async\" src=\"https:\/\/ambestensehen.de\/misha-mandala\/wp-content\/uploads\/DSCN2657.jpg\" alt=\"mandala 2\" \/>\n<\/div>\n<p><!-- \/.multiple-borders --><\/p>\n<div class=\"col-md-7 col-md-pull-0\" id=\"left_col\">\n<div class=\"panel-default\">\n<h4>Fussmatte<\/h4>\n<p>\t\t\tEine gute Grundlage zum Stehen, aber man k\u00f6nnte auch durchfallen.\n\t\t\t<\/p><\/div>\n<p><!-- \/.panel-default -->\n\t<\/div>\n<p><!-- \/.col-md-7 --><\/p>\n<div class=\"col-md-12 col-md-pull-0 multiple-borders\">\n<img decoding=\"async\" src=\"https:\/\/ambestensehen.de\/misha-mandala\/wp-content\/uploads\/DSCN2503.png\" alt=\"mandala 2\" \/>\n<\/div>\n<p><!-- \/.multiple-borders --><\/p>\n<div class=\"col-md-7 col-md-pull-0\" id=\"left_col\">\n<div class=\"panel-default\">\n<h4>Wie w\u00e4chst das?<\/h4>\n<p>\t\t\tObwohl auf den ersten Blick nicht organisch, hat es etwas mit Wachstum zu schaffen.\n\t\t\t<\/p><\/div>\n<p><!-- \/.panel-default -->\n\t<\/div>\n<p><!-- \/.col-md-7 --><\/p>\n","protected":false},"excerpt":{"rendered":"<p>Einzelst\u00fccke Angefangene St\u00fccke, die man weiterdenken oder weitermalen kann. Korn und Kern Man k\u00f6nnte doch assoziieren, dass dort das Mandala als ein Bezug zum Atomkern-Modell gesehen wird. Der Name ist das Ziel Dieses ist haupts\u00e4chlich inspiriert durch den Namen Krishna und der pers\u00f6nlichen Vaishnava (Vishnu) Philosophie Indiens, entsprechend einer pers\u00f6nlichen Ein-Gott-Verehrung. Hier presst die Sonne [&hellip;]<\/p>\n","protected":false},"author":1,"featured_media":0,"parent":0,"menu_order":0,"comment_status":"closed","ping_status":"closed","template":"","meta":[],"_links":{"self":[{"href":"https:\/\/ambestensehen.de\/misha-mandala\/index.php?rest_route=\/wp\/v2\/pages\/136"}],"collection":[{"href":"https:\/\/ambestensehen.de\/misha-mandala\/index.php?rest_route=\/wp\/v2\/pages"}],"about":[{"href":"https:\/\/ambestensehen.de\/misha-mandala\/index.php?rest_route=\/wp\/v2\/types\/page"}],"author":[{"embeddable":true,"href":"https:\/\/ambestensehen.de\/misha-mandala\/index.php?rest_route=\/wp\/v2\/users\/1"}],"replies":[{"embeddable":true,"href":"https:\/\/ambestensehen.de\/misha-mandala\/index.php?rest_route=%2Fwp%2Fv2%2Fcomments&post=136"}],"version-history":[{"count":22,"href":"https:\/\/ambestensehen.de\/misha-mandala\/index.php?rest_route=\/wp\/v2\/pages\/136\/revisions"}],"predecessor-version":[{"id":401,"href":"https:\/\/ambestensehen.de\/misha-mandala\/index.php?rest_route=\/wp\/v2\/pages\/136\/revisions\/401"}],"wp:attachment":[{"href":"https:\/\/ambestensehen.de\/misha-mandala\/index.php?rest_route=%2Fwp%2Fv2%2Fmedia&parent=136"}],"curies":[{"name":"wp","href":"https:\/\/api.w.org\/{rel}","templated":true}]}}

<div class="col-md-7 col-md-pull-0" id="left_col">
<div class="panel-default">
<h3>Einzelstücke</h3>
<p>			Angefangene Stücke, die man weiterdenken oder weitermalen kann.
			</p></div>
<p><!-- /.panel-default -->
	</div>
<p><!-- /.col-md-7 --></p>
<div class="col-md-12 col-md-pull-0 multiple-borders">
<img decoding="async" src="https://ambestensehen.de/misha-mandala/wp-content/uploads/DSCN2586.jpg" alt="mandala 2" />
</div>
<p><!-- /.multiple-borders --></p>
<div class="col-md-7 col-md-pull-0" id="left_col">
<div class="panel-default">
<h4>Korn und Kern</h4>
<p>			Man könnte doch assoziieren, dass dort das Mandala als ein Bezug zum  Atomkern-Modell gesehen wird.
			</p></div>
<p><!-- /.panel-default -->
	</div>
<p><!-- /.col-md-7 --></p>
<div class="col-md-10 col-md-push-1 multiple-borders">
<img decoding="async" src="https://ambestensehen.de/misha-mandala/wp-content/uploads/DSCN2587.jpg" alt="mandala 2" />
</div>
<p><!-- /.multiple-borders --></p>
<div class="col-md-7 col-md-pull-0" id="left_col">
<div class="panel-default">
<h4>Der Name ist das Ziel</h4>
<p>			Dieses ist hauptsächlich inspiriert durch den Namen Krishna und der persönlichen Vaishnava (Vishnu) Philosophie Indiens, entsprechend einer persönlichen Ein-Gott-Verehrung.
			</p></div>
<p><!-- /.panel-default -->
	</div>
<p><!-- /.col-md-7 --></p>
<div class="col-md-6 col-md-push-3 multiple-borders">
<img decoding="async" src="https://ambestensehen.de/misha-mandala/wp-content/uploads/DSCN2585.jpg" alt="mandala 2" />
</div>
<p><!-- /.multiple-borders --></p>
<div class="col-md-7 col-md-pull-0" id="left_col">
<div class="panel-default">
<h4>Hier presst die Sonne</h4>
<p>			Hier ist die Atomdichte dargestellt. Eine Dichte von Energie im gelben und orangenem Bereich, am meisten inspiriert durch die Sonne.
			</p></div>
<p><!-- /.panel-default -->
	</div>
<p><!-- /.col-md-7 --></p>
<div class="col-md-12 col-md-pull-0 multiple-borders">
<img decoding="async" src="https://ambestensehen.de/misha-mandala/wp-content/uploads/DSCN2492.jpg" alt="mandala 2" />
</div>
<p><!-- /.multiple-borders --></p>
<div class="col-md-7 col-md-pull-0" id="left_col">
<div class="panel-default">
<h4>Perlen-Vision</h4>
<p>			Dieses ist wieder eher ein rein illustratives Mandala, am reizvollsten die angedeuteten Lotusblätter und ihr Verlauf von den grünen Blättern zu den rötlich gefärbten Blütenblättern.
			</p></div>
<p><!-- /.panel-default -->
	</div>
<p><!-- /.col-md-7 --></p>
<div class="col-md-12 col-md-pull-0 multiple-borders">
<img decoding="async" src="https://ambestensehen.de/misha-mandala/wp-content/uploads/DSCN2657.jpg" alt="mandala 2" />
</div>
<p><!-- /.multiple-borders --></p>
<div class="col-md-7 col-md-pull-0" id="left_col">
<div class="panel-default">
<h4>Fussmatte</h4>
<p>			Eine gute Grundlage zum Stehen, aber man könnte auch durchfallen.
			</p></div>
<p><!-- /.panel-default -->
	</div>
<p><!-- /.col-md-7 --></p>
<div class="col-md-12 col-md-pull-0 multiple-borders">
<img decoding="async" src="https://ambestensehen.de/misha-mandala/wp-content/uploads/DSCN2503.png" alt="mandala 2" />
</div>
<p><!-- /.multiple-borders --></p>
<div class="col-md-7 col-md-pull-0" id="left_col">
<div class="panel-default">
<h4>Wie wächst das?</h4>
<p>			Obwohl auf den ersten Blick nicht organisch, hat es etwas mit Wachstum zu schaffen.
			</p></div>
<p><!-- /.panel-default -->
	</div>
<p><!-- /.col-md-7 --></p>

<p>Einzelstücke Angefangene Stücke, die man weiterdenken oder weitermalen kann. Korn und Kern Man könnte doch assoziieren, dass dort das Mandala als ein Bezug zum Atomkern-Modell gesehen wird. Der Name ist das Ziel Dieses ist hauptsächlich inspiriert durch den Namen Krishna und der persönlichen Vaishnava (Vishnu) Philosophie Indiens, entsprechend einer persönlichen Ein-Gott-Verehrung. Hier presst die Sonne [&hellip;]</p>
