{"id":327,"date":"2016-11-13T10:37:59","date_gmt":"2016-11-13T09:37:59","guid":{"rendered":"http:\/\/ambestensehen.de\/misha-mandala\/?page_id=327"},"modified":"2016-11-13T11:29:02","modified_gmt":"2016-11-13T10:29:02","slug":"seite-1-2","status":"publish","type":"page","link":"https:\/\/ambestensehen.de\/misha-mandala\/?page_id=327","title":{"rendered":"Der Mittelpunkt deiner Wahrnehmung"},"content":{"rendered":"<div class=\"col-md-5 multiple-borders\">\n<div class=\"panel-default\">\n<h4>Unbewusst wird es st\u00e4ndig angewendet<\/h4>\n<p>\t\t\tEine andere ganz gro\u00dfe praktische und anwendbare Erkenntnis ist:<br \/>\n  dass, egal in welcher Situation du auch bist, egal, was du beobachtest, du kannst diese deine Wahrnehmung ausschlie\u00dflich nur von deiner Sicht heraus machen, nur deine Sinnesorgane k\u00f6nnen diese Wahrnehmung machen und das ist sogar wissenschaftlich begr\u00fcndet durch die Unsch\u00e4rferelation von Heisenberg. (Die Messung des Impulses eines Teilchens ist zwangsl\u00e4ufig mit einer St\u00f6rung seines Ortes verbunden, und umgekehrt.<br \/><a href=\"http:\/\/Die Messung des Impulses eines Teilchens ist zwangsl\u00e4ufig mit einer St\u00f6rung seines Ortes verbunden, und umgekehrt.\">Unsch\u00e4rferelation von Heisenberg<\/a><br \/>\nDie Frage bestimmt die Antwort, die Art der Wahrnehmung beeinflu\u00dft das Ergebnis der Wahrnehmung.<br \/><a href=\"https:\/\/books.google.de\/books?id=j7RSV0DC7QIC&#038;pg=PA71&#038;lpg=PA71&#038;dq=heisenberg+unsch%C3%A4rferelation+wahrnehmung&#038;source=bl&#038;ots=4AZ09KkMrx&#038;sig=iD3wYzAXphdDs5LU9Y2IZ6ZN0_8&#038;hl=de&#038;sa=X&#038;ved=0ahUKEwj77LSjuaXQAhWFyRoKHQEJB7cQ6AEIOjAE#v=onepage&#038;q=heisenberg%20unsch%C3%A4rferelation%20wahrnehmung&#038;f=false\">Wahrnehmung wird beeinflu\u00dft<\/a><\/p>\n<p> Du wendest es praktisch und unbewusst in jedem Augenblick an, du t\u00e4tigst die Wahrnehmung der Welt da draussen durch deine Sinnesorgane, es ist dir nur nicht dauernd bewusst und darum kannst du nicht die Konsequenzen daraus ziehen.<\/p><\/div>\n<p><!-- \/.panel-default -->\n\t<\/div>\n<p><!-- \/.col-md-7 --><\/p>\n<div class=\"col-md-5 col-md-push-1  multiple-borders\">\n<div class=\"panel-default\">\n<h4>Hier hast du Einflu\u00df<\/h4>\n<p>Wenn du dir dar\u00fcber im klaren sein kannst, dass deine Wahrnehmung relativ ist und deine Wahrnehmung selbst das Ergebnis deiner Wahrnehmung beeinflu\u00dft, dann das birgt das die ganz gro\u00dfe M\u00f6glichkeit, dass du diesen Mittelpunkt, der deine Wahrnehmung erm\u00f6glicht und herstellt, dass dies der Punkt ist, auf den du Einfluss hast, alles andere steht nicht unter deinem Einfluss, aber dieser Mittelpunkt, von dem du aus die Wahrnehmung machst, der steht unter deinem Einfluss und darum geht es hier in dieser Technik, dass du dir dar\u00fcber bewusst wirst, dass du diesen Mittelpunkt deiner Wahrnehmung nach deinem Willen beeinflu\u00dfen kannst.<\/p>\n<\/div><\/div>\n<p><!-- \/.col-md-5 -->    <\/p>\n","protected":false},"excerpt":{"rendered":"<p>Unbewusst wird es st\u00e4ndig angewendet Eine andere ganz gro\u00dfe praktische und anwendbare Erkenntnis ist: dass, egal in welcher Situation du auch bist, egal, was du beobachtest, du kannst diese deine Wahrnehmung ausschlie\u00dflich nur von deiner Sicht heraus machen, nur deine Sinnesorgane k\u00f6nnen diese Wahrnehmung machen und das ist sogar wissenschaftlich begr\u00fcndet durch die Unsch\u00e4rferelation von [&hellip;]<\/p>\n","protected":false},"author":1,"featured_media":0,"parent":0,"menu_order":0,"comment_status":"open","ping_status":"closed","template":"","meta":[],"_links":{"self":[{"href":"https:\/\/ambestensehen.de\/misha-mandala\/index.php?rest_route=\/wp\/v2\/pages\/327"}],"collection":[{"href":"https:\/\/ambestensehen.de\/misha-mandala\/index.php?rest_route=\/wp\/v2\/pages"}],"about":[{"href":"https:\/\/ambestensehen.de\/misha-mandala\/index.php?rest_route=\/wp\/v2\/types\/page"}],"author":[{"embeddable":true,"href":"https:\/\/ambestensehen.de\/misha-mandala\/index.php?rest_route=\/wp\/v2\/users\/1"}],"replies":[{"embeddable":true,"href":"https:\/\/ambestensehen.de\/misha-mandala\/index.php?rest_route=%2Fwp%2Fv2%2Fcomments&post=327"}],"version-history":[{"count":12,"href":"https:\/\/ambestensehen.de\/misha-mandala\/index.php?rest_route=\/wp\/v2\/pages\/327\/revisions"}],"predecessor-version":[{"id":348,"href":"https:\/\/ambestensehen.de\/misha-mandala\/index.php?rest_route=\/wp\/v2\/pages\/327\/revisions\/348"}],"wp:attachment":[{"href":"https:\/\/ambestensehen.de\/misha-mandala\/index.php?rest_route=%2Fwp%2Fv2%2Fmedia&parent=327"}],"curies":[{"name":"wp","href":"https:\/\/api.w.org\/{rel}","templated":true}]}}