{"id":351,"date":"2016-11-13T11:35:53","date_gmt":"2016-11-13T10:35:53","guid":{"rendered":"http:\/\/ambestensehen.de\/misha-mandala\/?page_id=351"},"modified":"2018-06-26T15:23:53","modified_gmt":"2018-06-26T13:23:53","slug":"beispiel-seite-2","status":"publish","type":"page","link":"https:\/\/ambestensehen.de\/misha-mandala\/?page_id=351","title":{"rendered":"Warum Mandala-Seite?"},"content":{"rendered":"<blockquote><p>\nSo und was soll jetzt diese ganze Seite \u00fcber Mandala?<\/p>\n<p>Es ist einerseits eine Selbstdarstellung meiner pubert\u00e4ren Ans\u00e4tze, dass ich das n\u00e4mlich einfach gemalt habe.<br \/>\nUnd ansonsten geht es darum zu zeigen, dass die Sachen, die ich mit 15 Jahren gemacht habe, dass die richtig waren.<\/p>\n<p>In zweifacher Hinsicht: einmal waren sie richtig, weil ich das heute auch noch mache und weil ich es heute noch viel profunder erkl\u00e4ren kann und leben kann und die ganze esoterische Szene gibt mir da Recht, dass dieses vom Mittelpunkt heraus richtig ist und eben auch das man mit 15 Jahren das macht, was man eigentlich machen will und ich habe mir nat\u00fcrlich da ein Thema ausgesucht, wo mir die gesamte Gesellschaft und ich selber eingeredet haben, dass das nur eine Drogensache ist, dass das irgendwie so und so ist, keiner hat mir geholfen, zu sagen, dass es richtig und ich habe alles daf\u00fcr getan, mir das auszutreiben, <\/p>\n<p>jahrzehntelang habe ich unter Depressionen gelitten, weil ich nicht ich selber war, bis ich irgendwann und ich war wirklich vehement dabei, das zu bearbeiten, bis ich dann feststellen durfte, dass mein Psychiater sagte, das sind \u00fcberhaupt keine Depressionen und sich dann auch durch die Hinwesndung vom Hinduismus zum Buddhismus feststellen konnte, es gibt keinen Gott, sondern diese Wahrheit, dass Geist und K\u00f6rper f\u00fcr immer existieren, ist das einzige, was es im Universum gibt <\/p>\n<p>und jetzt, durch Thomsdorf, durch dieses Jahr, durch diese N\u00e4he, dass ich 60 werde, kommt der letzte Sprung oder der vorerst letzte Sprung, dass ich zur\u00fcckkehre zu den Sachen, die ich in der Jugend gemacht habe und das ist das, was mein Vater gefragt hat, was willst du mal machen sp\u00e4ter und ich habe gesagt, ich will Gitarre spielen und malen, und dahin kehre ich zur\u00fcck und das war auch der Sinn meiner Wien-Reise (Verlinkung zur Wien-Seite) und d.h. man soll sich nicht verbiegen und in meinem Fall ist es halt so, dass diese transzendente Sache und dieses Gitarrespielen und malen tats\u00e4chlich ich bin <\/p>\n<p>und diese Seite ist einfach nur ein Hinweis darauf, ich geh zur\u00fcck zu mir.<\/p>\n<\/blockquote>\n","protected":false},"excerpt":{"rendered":"<p>So und was soll jetzt diese ganze Seite \u00fcber Mandala? Es ist einerseits eine Selbstdarstellung meiner pubert\u00e4ren Ans\u00e4tze, dass ich das n\u00e4mlich einfach gemalt habe. Und ansonsten geht es darum zu zeigen, dass die Sachen, die ich mit 15 Jahren gemacht habe, dass die richtig waren. In zweifacher Hinsicht: einmal waren sie richtig, weil ich [&hellip;]<\/p>\n","protected":false},"author":1,"featured_media":0,"parent":0,"menu_order":0,"comment_status":"closed","ping_status":"open","template":"","meta":[],"_links":{"self":[{"href":"https:\/\/ambestensehen.de\/misha-mandala\/index.php?rest_route=\/wp\/v2\/pages\/351"}],"collection":[{"href":"https:\/\/ambestensehen.de\/misha-mandala\/index.php?rest_route=\/wp\/v2\/pages"}],"about":[{"href":"https:\/\/ambestensehen.de\/misha-mandala\/index.php?rest_route=\/wp\/v2\/types\/page"}],"author":[{"embeddable":true,"href":"https:\/\/ambestensehen.de\/misha-mandala\/index.php?rest_route=\/wp\/v2\/users\/1"}],"replies":[{"embeddable":true,"href":"https:\/\/ambestensehen.de\/misha-mandala\/index.php?rest_route=%2Fwp%2Fv2%2Fcomments&post=351"}],"version-history":[{"count":6,"href":"https:\/\/ambestensehen.de\/misha-mandala\/index.php?rest_route=\/wp\/v2\/pages\/351\/revisions"}],"predecessor-version":[{"id":413,"href":"https:\/\/ambestensehen.de\/misha-mandala\/index.php?rest_route=\/wp\/v2\/pages\/351\/revisions\/413"}],"wp:attachment":[{"href":"https:\/\/ambestensehen.de\/misha-mandala\/index.php?rest_route=%2Fwp%2Fv2%2Fmedia&parent=351"}],"curies":[{"name":"wp","href":"https:\/\/api.w.org\/{rel}","templated":true}]}}