{"id":92,"date":"2016-10-11T18:29:55","date_gmt":"2016-10-11T16:29:55","guid":{"rendered":"http:\/\/ambestensehen.de\/misha-mandala\/?page_id=92"},"modified":"2021-09-04T11:05:33","modified_gmt":"2021-09-04T09:05:33","slug":"seite-3a","status":"publish","type":"page","link":"https:\/\/ambestensehen.de\/misha-mandala\/?page_id=92","title":{"rendered":"Weg in die Ferne zu mir"},"content":{"rendered":"<div class=\"col-md-7 col-md-pull-0\" id=\"left_col\">\n<div class=\"panel-default\">\n<h4>Vertiefe dich in die Landschaft!<\/h4>\n<p>Dies ist ein Mandala, weil die schwarzen Strukturen wie eine Pflanze angeordnet sind, oder wie eine Zellteilung angeordnet sind und sie wachsen aus der Mitte heraus und in der zweiten Ebene ist eine Landschaft vorhanden, die teilweise mit Symbolen teilweise mit pflanzlichen Sachen dargestellt ist und als Gesamtbild kann man das schon als Mandala betrachten, wobei die Aussage sich dann ableiten l\u00e4sst, dass man in der Natur die Sch\u00f6pfung und ihren ewigen Entstehungsfluss sp\u00fcren kann, aufsp\u00fcren kann.<\/p>\n<\/div>\n<p><!-- \/.panel-default --><\/p>\n<\/div>\n<p><!-- \/.col-md-7 --><\/p>\n<div class=\"col-md-12 col-md-pull-0 multiple-borders\">\n<img decoding=\"async\" src=\"https:\/\/ambestensehen.de\/misha-mandala\/wp-content\/uploads\/mandala_durchblick_600dpi_scan_original2.jpg\" alt=\"mandala\"><\/div>\n<p><!-- \/.multiple-borders --><\/p>\n","protected":false},"excerpt":{"rendered":"<p>Vertiefe dich in die Landschaft! Dies ist ein Mandala, weil die schwarzen Strukturen wie eine Pflanze angeordnet sind, oder wie eine Zellteilung angeordnet sind und sie wachsen aus der Mitte heraus und in der zweiten Ebene ist eine Landschaft vorhanden, die teilweise mit Symbolen teilweise mit pflanzlichen Sachen dargestellt ist und als Gesamtbild kann man [&hellip;]<\/p>\n","protected":false},"author":1,"featured_media":0,"parent":0,"menu_order":0,"comment_status":"closed","ping_status":"closed","template":"","meta":[],"_links":{"self":[{"href":"https:\/\/ambestensehen.de\/misha-mandala\/index.php?rest_route=\/wp\/v2\/pages\/92"}],"collection":[{"href":"https:\/\/ambestensehen.de\/misha-mandala\/index.php?rest_route=\/wp\/v2\/pages"}],"about":[{"href":"https:\/\/ambestensehen.de\/misha-mandala\/index.php?rest_route=\/wp\/v2\/types\/page"}],"author":[{"embeddable":true,"href":"https:\/\/ambestensehen.de\/misha-mandala\/index.php?rest_route=\/wp\/v2\/users\/1"}],"replies":[{"embeddable":true,"href":"https:\/\/ambestensehen.de\/misha-mandala\/index.php?rest_route=%2Fwp%2Fv2%2Fcomments&post=92"}],"version-history":[{"count":8,"href":"https:\/\/ambestensehen.de\/misha-mandala\/index.php?rest_route=\/wp\/v2\/pages\/92\/revisions"}],"predecessor-version":[{"id":433,"href":"https:\/\/ambestensehen.de\/misha-mandala\/index.php?rest_route=\/wp\/v2\/pages\/92\/revisions\/433"}],"wp:attachment":[{"href":"https:\/\/ambestensehen.de\/misha-mandala\/index.php?rest_route=%2Fwp%2Fv2%2Fmedia&parent=92"}],"curies":[{"name":"wp","href":"https:\/\/api.w.org\/{rel}","templated":true}]}}